{"id":21,"date":"2025-07-21T11:28:16","date_gmt":"2025-07-21T11:28:16","guid":{"rendered":"https:\/\/ia-today.es\/?page_id=21"},"modified":"2025-07-21T11:28:16","modified_gmt":"2025-07-21T11:28:16","slug":"eden-store","status":"publish","type":"page","link":"https:\/\/ia-today.es\/?page_id=21","title":{"rendered":"Eden Store"},"content":{"rendered":"\n<p>Aplicaci\u00f3n de gesti\u00f3n para empresas de fruter\u00eda. Utiliza la IA para poder gestionar r\u00e1pidamente los pedidos enviados a trav\u00e9s de correo\/whatsapp.<\/p>\n\n\n\n<p>Incorpora el m\u00f3dulo de facturaci\u00f3n compatible con VERIFACT.<\/p>\n","protected":false},"excerpt":{"rendered":"<p>Aplicaci\u00f3n de gesti\u00f3n para empresas de fruter\u00eda. Utiliza la IA para poder gestionar r\u00e1pidamente los pedidos enviados a trav\u00e9s de correo\/whatsapp. Incorpora el m\u00f3dulo de facturaci\u00f3n compatible con VERIFACT.<\/p>\n","protected":false},"author":1,"featured_media":0,"parent":0,"menu_order":0,"comment_status":"closed","ping_status":"closed","template":"","meta":{"footnotes":""},"class_list":["post-21","page","type-page","status-publish","hentry"],"_links":{"self":[{"href":"https:\/\/ia-today.es\/index.php?rest_route=\/wp\/v2\/pages\/21","targetHints":{"allow":["GET"]}}],"collection":[{"href":"https:\/\/ia-today.es\/index.php?rest_route=\/wp\/v2\/pages"}],"about":[{"href":"https:\/\/ia-today.es\/index.php?rest_route=\/wp\/v2\/types\/page"}],"author":[{"embeddable":true,"href":"https:\/\/ia-today.es\/index.php?rest_route=\/wp\/v2\/users\/1"}],"replies":[{"embeddable":true,"href":"https:\/\/ia-today.es\/index.php?rest_route=%2Fwp%2Fv2%2Fcomments&post=21"}],"version-history":[{"count":1,"href":"https:\/\/ia-today.es\/index.php?rest_route=\/wp\/v2\/pages\/21\/revisions"}],"predecessor-version":[{"id":22,"href":"https:\/\/ia-today.es\/index.php?rest_route=\/wp\/v2\/pages\/21\/revisions\/22"}],"wp:attachment":[{"href":"https:\/\/ia-today.es\/index.php?rest_route=%2Fwp%2Fv2%2Fmedia&parent=21"}],"curies":[{"name":"wp","href":"https:\/\/api.w.org\/{rel}","templated":true}]}}